e l(2).
-40
Let n(u) = -4*u**2 + u + 2. What is n(-3)?
-37
Let z(m) = -m**3 + 12*m**2 + 12*m + 12. What is z(13)?
-1
Let u(r) = r**2 - 4*r + 25. Calculate u(6).
37
Let d(r) = 7*r**2 + 5*r. What is d(-1)?
2
Let d(x) = 6*x**2 - 20*x + 36. Give d(2).
20
Let j(o) = -3*o - 1. Give j(1).
-4
Let j(x) = 6*x - 170. Give j(29).
4
Let m(s) = -3*s + 18. Determine m(7).
-3
Let c(a) = -a**2 + a - 3. What is c(-2)?
-9
Let l(f) = f**3 + 8*f**2 - 8*f + 9. Determine l(-9).
0
Let b(l) = -l**3 - 12*l**2 + 10*l - 11. Give b(-13).
28
Let z(x) = 37*x - 15. Determine z(-2).
-89
Let u(s) = s**3 + 5*s**2 + 2. Give u(-4).
18
Let b(m) = -3*m**3 + 3*m**2 + m - 1. What is b(-2)?
33
Let j(p) = p**3 - 17*p**2 + 21*p - 17. What is j(16)?
63
Let d(x) = x**3 - 9*x**2 + 2*x + 1. Determine d(9).
19
Let r(n) = 179*n + 184. Calculate r(-1).
5
Let r(o) = 2*o - 44. Determine r(19).
-6
Let p(l) = -15*l**3 + 3*l**2 + 2*l. Determine p(-1).
16
Let u(a) = -a**3 - 15*a**2 + 16*a + 4. Give u(-16).
4
Let u(j) = -j**2 + 14*j - 7. Calculate u(13).
6
Let r(g) = g**2 + 7*g + 3. Give r(-8).
11
Let u(w) = -w**2 - 2*w + 3. What is u(6)?
-45
Let u(s) = -s**3 + 8*s**2 + 9*s. Calculate u(9).
0
Let x(d) = 6*d**3 - 3*d**2 + 5*d - 4. Calculate x(2).
42
Let b(j) = -3*j + 14. Calculate b(4).
2
Let o(q) = 3*q + 31. Determine o(-15).
-14
Let x(g) = 4*g**3 - 3*g**2 + 5*g + 5. Calculate x(-2).
-49
Let s(j) = -j**2 - 47*j + 567. Give s(-57).
-3
Let d(r) = r + 21. What is d(-11)?
10
Let g(m) = 2*m**2 + 3. Calculate g(2).
11
Let i(u) = u**2 + 13*u + 17. Calculate i(-10).
-13
Let l(p) = 4*p**2 + 11*p - 5. What is l(-3)?
-2
Let j(v) = -v**2 + 5*v - 1. Give j(5).
-1
Let o(k) = k**3 + 3*k**2 - 3*k - 14. Determine o(0).
-14
Let d(h) = 3*h**3 - 8*h + 2. Calculate d(-4).
-158
Let h(d) = d**2 - 11*d. Determine h(6).
-30
Let v(f) = f**3 + 5*f**2 - 7*f - 1. Calculate v(-5).
34
Let h(z) = z**3 + 7*z**2 - 2*z - 14. Calculate h(-6).
34
Let s(y) = y**3 + 14*y**2 + 12*y - 16. Calculate s(-13).
-3
Let l(b) = -b**3 + 21*b**2 - b + 35. Give l(21).
14
Let y(n) = -n - 80. What is y(0)?
-80
Let p(z) = 2*z + 14. Determine p(0).
14
Let p(u) = -5*u - 76. Determine p(-14).
-6
Let x(m) = 2*m - 13. What is x(10)?
7
Let m(r) = r**2 + 17*r + 27. Determine m(-22).
137
Let c(u) = u. Give c(4).
4
Let u(v) = -31*v - 69. Determine u(-2).
-7
Let r(j) = -4*j - 2. Calculate r(-2).
6
Let r(n) = n**2 - 9*n - 3. What is r(5)?
-23
Let d(f) = -10*f - 7. Determine d(3).
-37
Let q(y) = -22*y - 8. Determine q(-3).
58
Let s(w) = w**3 + 8*w**2 + 4*w + 8. Determine s(-8).
-24
Let w(i) = -i**2 + 17*i + 44. Calculate w(19).
6
Let y(w) = w**3 - 10*w**2 - 58*w + 17. What is y(14)?
-11
Let b(s) = s**3 - 11*s**2 - 9*s - 31. What is b(12)?
5
Let m(c) = -c**3 + 5*c**2 + 2*c - 14. Give m(5).
-4
Let j(c) = c**2 + 5*c + 8. What is j(-6)?
14
Let n(t) = t**2 - 19*t - 16. Calculate n(19).
-16
Let h(c) = -8*c + 143. Give h(18).
-1
Let y(r) = -8*r + 1. Calculate y(0).
1
Let a(j) = 45*j + 9. Determine a(-3).
-126
Let t(k) = 113*k**2 + 3*k + 2. Calculate t(-1).
112
Let i(j) = -j**3 + 10*j**2 - 8*j. Determine i(9).
9
Let i(b) = -b + 9. Calculate i(-4).
13
Let f(k) = k**3 + 4*k**2 + 2*k + 6. Give f(-4).
-2
Let p(h) = 2*h**2 - 3*h. Determine p(4).
20
Let y(i) = 14*i**2 + 114*i + 8. What is y(-8)?
-8
Let t(f) = -2*f**3 - 2*f**2 + 4*f - 1. What is t(-4)?
79
Let v(m) = 9*m + 72. Determine v(-20).
-108
Let q(b) = 8*b + 12. Determine q(-6).
-36
Let k(p) = -p**3 - 9*p**2 + 21*p - 8. Calculate k(-11).
3
Let b(c) = 2*c**3 + 12*c**2 + 7*c - 4. What is b(-5)?
11
Let d(r) = -4*r**3 + 3*r**2. Give d(2).
-20
Let z(l) = -l**2 + l + 40. Calculate z(-9).
-50
Let b(j) = 33*j - 1483. What is b(45)?
2
Let s(t) = -t**3 + 8*t**2 - 16*t + 70. What is s(7)?
7
Let n(r) = 24*r + 1. Determine n(1).
25
Let n(a) = 2*a**2 + 2*a + 1. Determine n(-4).
25
Let k(q) = q + 8. Determine k(-4).
4
Let m(h) = h - 15. Determine m(8).
-7
Let g(s) = -s**3 + 6*s**2 + 13*s - 26. What is g(8)?
-50
Let w(h) = -h**2 - 9*h + 13. What is w(-10)?
3
Let z(c) = -c**3 + 5*c**2 - c + 1. What is z(4)?
13
Let w(v) = 6*v - 3. Give w(-4).
-27
Let o(s) = s**2 + 40*s + 145. What is o(-36)?
1
Let v(m) = -m**3 - 11*m**2 + 5. Give v(-11).
5
Let w(y) = -y**3 - y**2 + 2*y - 60. Calculate w(0).
-60
Let r(n) = -n**2 - 5*n. Determine r(-2).
6
Let o(s) = 4*s**3 - 3*s - 3. Determine o(-1).
-4
Let a(p) = -2*p - 9. Determine a(-9).
9
Let m(b) = -6*b + 14. Give m(4).
-10
Let r(b) = 2*b**2 + 26*b - 452. Determine r(10).
8
Let v(z) = -z**2 - 8*z - 17. Calculate v(-4).
-1
Let y(b) = 2*b**2 + 25*b - 5. Determine y(-11).
-38
Let p(l) = -l**2 + 21*l - 16. What is p(18)?
38
Let u(q) = -2*q**3 - 25*q**2 + 11*q - 32. Give u(-13).
-6
Let j(i) = -i**3 + 8*i**2 - 7*i - 6. Calculate j(7).
-6
Let o(r) = -r**3 + 2*r**2 + 7*r + 1. Determine o(5).
-39
Let t(a) = a**2 + 3*a + 1. Give t(-4).
5
Let m(y) = y**3 + 5*y**2 - 8*y + 9. What is m(-7)?
-33
Let u(j) = j**2 - 17*j - 6. Give u(17).
-6
Let s(z) = 2*z + 3. What is s(2)?
7
Let u(h) = -h**3 + 9*h**2 + 7*h + 29. Calculate u(10).
-1
Let n(g) = g - 19. Calculate n(-10).
-29
Let t(z) = -z**3 - 8*z**2 - 6*z - 9. Calculate t(-7).
-16
Let i(u) = -2*u**2 + u + 6. Determine i(0).
6
Let z(c) = c**2 - 19*c - 5. Calculate z(19).
-5
Let s(o) = o**3 - 2*o - 2. Determine s(-2).
-6
Let y(h) = -5*h + 201. What is y(38)?
11
Let g(i) = 2*i**2 + 29*i - 8. What is g(-16)?
40
Let c(h) = h**2 + 3. Give c(0).
3
Let b(s) = 6*s + 8. Calculate b(15).
98
Let n(u) = -u**2 + 10*u - 10. What is n(8)?
6
Let t(i) = i**3 - 13*i**2 - 6*i + 3. Calculate t(14).
115
Let g(j) = -j**3 + 9*j**2 + 13*j - 33. What is g(10)?
-3
Let m(h) = -3*h**3 - 74*h**2 - 49*h - 17. Determine m(-24).
7
Let i(c) = c**2 - 26. Calculate i(5).
-1
Let q(b) = 10*b + 134. Determine q(-14).
-6
Let h(k) = 6*k**3 + 5*k**2 - 1. Calculate h(-2).
-29
Let f(x) = 4*x - 35. What is f(10)?
5
Let g(f) = f**2 - 6. Calculate g(3).
3
Let m(w) = -w**3 - 2*w - 11. Determine m(0).
-11
Let p(w) = -w**3 + 4*w**2 + 3*w. Give p(4).
12
Let z(y) = y**2 - 3*y + 4. Determine z(4).
8
Let h(f) = -11*f + 321. Give h(29).
2
Let u(j) = j**2 - 14*j. Give u(11).
-33
Let b(t) = -t**2 + 12*t - 10. Calculate b(9).
17
Let i(d) = -d**2 + 19*d - 34. Give i(12).
50
Let y(l) = -5*l**3 - l**2 + 1. What is y(1)?
-5
Let y(o) = -55*o - 27. Determine y(-2).
83
Let w(m) = m**3 - 9*m**2 - 11. Give w(9).
-11
Let f(a) = -61*a + 842. Determine f(14).
-12
Let j(k) = k**3 + 10*k**2 - 10*k + 22. What is j(-11)?
11
Let z(c) = 3*c**3 - 6*c + 3. What is z(2)?
15
Let i(u) = -u - 11. Calculate i(-16).
5
Let x(m) = -5*m**3 - m**2 + 3*m - 5. Determine x(2).
-43
Let n(t) = -t**2 - 6*t + 5. Determine n(-8).
-11
Let n(w) = w**3 - 25*w**2 + 7*w - 173. Calculate n(25).
2
Let p(r) = -5*r - 58. Calculate p(-9).
-13
Let d(u) = -2*u**2 + 28*u - 82. Determine d(9).
8
Let w(v) = v**3 + 11*v**2 - 18*v - 52. Calculate w(-12).
20
Let b(n) = -9*n - 49. What is b(-5)?
-4
Let d(t) = -2*t**3 - 59*t**2 - 29*t + 11. Give d(-29).
11
Let s(d) = -d**2 - 32*d + 29. Calculate s(-33).
-4
Let g(b) = -b**2 - 13*b + 43. Give g(-15).
13
Let p(o) = o**3 + 6*o**2 + 7*o + 11. Calculate p(-5).
1
Let s(c) = 15*c + 7. Give s(2).
37
Let j(n) = 2*n**2 + 6*n + 2. Determine j(-6).
38
Let f(m) = m + 4. Calculate f(-6).
-2
Let f(j) = 2*j**2 - 6*j - 103. Determine f(9).
5
Let i(d) = -d**3 + 4*d**2 + 4*d - 5. Calculate i(5).
-10
Let l(y) = -y**2 + 3*y + 27. Give l(8).
-13
Let s(r) = 2*r**2 + 7*r + 2. Give s(-4).
6
Let c(g) = -4*g**2 + 2*g - 1. Determine c(-2).
-21
Let w(c) = -c**3 + 7*c**2 - 13*c + 8. Determine w(5).
-7
Let y(s) = -s**2 - 17*s - 41. Determine y(-17).
-41
Let i(f) = 46*f + 16. Determine i(-4).
-168
Let f(r) = 8*r - 19. Calculate f(3).
5
Let b(d) = 7*d**2 - 4*d - 3. What is b(-2)?
33
Let l(u) = -u**3 - 6*u**2 - 6*u - 3. Give l(-4).
-11
Let k(q) = -q**3 - 16*q**2 + 31*q - 87. What is k(-18)?
3
Let r(i) = -10*i + 168. What is r(17)?
-2
Let m(w) = 23*w**2 + 2*w - 4. Determine m(1).
21
Let u(i) = -i**2 - 18*i - 5. What is u(-10)?
75
Let z(w) = w**3 - 4*w**2 + 7*w - 6. Determine z(5).
54
Let s(p) = -p**2 + 40*p + 20. Determine s(40).
20
Let q(r) = -r**3 - 5*r**2 - r. Determine q(-4).
-12
Let k(d) = d**3 + 19*d**2 - 40*d - 6. What is k(-21)?
-48
Let i(p) = -p**2 - 22*p + 15. Determine i(-23).
-8
Let i(u) = u**3 + 5*u**2 - 17*u - 3. Give i(-7).
18
Let g(h) = -3*h**2 - 34*h